[INFO] cloning repository https://github.com/nulldatamap/mubah
[INFO] running `Command { std: "git" "-c" "credential.helper=" "-c" "credential.helper=/workspace/cargo-home/bin/git-credential-null" "clone" "--bare" "https://github.com/nulldatamap/mubah" "/workspace/cache/git-repos/https%3A%2F%2Fgithub.com%2Fnulldatamap%2Fmubah", kill_on_drop: false }`
[INFO] [stderr] Cloning into bare repository '/workspace/cache/git-repos/https%3A%2F%2Fgithub.com%2Fnulldatamap%2Fmubah'...
[INFO] running `Command { std: "git" "rev-parse" "HEAD", kill_on_drop: false }`
[INFO] [stdout] 91de8c46cea4efdf208783b865902f85c189e04c
[INFO] checking nulldatamap/mubah against master#cfbc6d4cf1acbac5c025acf8ed68929caa551df3 for pr-75494-beta
[INFO] running `Command { std: "git" "clone" "/workspace/cache/git-repos/https%3A%2F%2Fgithub.com%2Fnulldatamap%2Fmubah" "/workspace/builds/worker-9/source", kill_on_drop: false }`
[INFO] [stderr] Cloning into '/workspace/builds/worker-9/source'...
[INFO] [stderr] done.
[INFO] validating manifest of git repo https://github.com/nulldatamap/mubah on toolchain cfbc6d4cf1acbac5c025acf8ed68929caa551df3
[INFO] running `Command { std: "/workspace/cargo-home/bin/cargo" "+cfbc6d4cf1acbac5c025acf8ed68929caa551df3" "read-manifest" "--manifest-path" "Cargo.toml", kill_on_drop: false }`
[INFO] started tweaking git repo https://github.com/nulldatamap/mubah
[INFO] finished tweaking git repo https://github.com/nulldatamap/mubah
[INFO] tweaked toml for git repo https://github.com/nulldatamap/mubah written to /workspace/builds/worker-9/source/Cargo.toml
[INFO] crate git repo https://github.com/nulldatamap/mubah already has a lockfile, it will not be regenerated
[INFO] running `Command { std: "/workspace/cargo-home/bin/cargo" "+cfbc6d4cf1acbac5c025acf8ed68929caa551df3" "fetch" "--locked" "--manifest-path" "Cargo.toml", kill_on_drop: false }`
[INFO] [stderr] error: the lock file /workspace/builds/worker-9/source/Cargo.lock needs to be updated but --locked was passed to prevent this
[INFO] [stderr] If you want to try to generate the lock file without accessing the network, use the --offline flag.
[INFO] the lockfile is outdated, regenerating it
[INFO] running `Command { std: "/workspace/cargo-home/bin/cargo" "+cfbc6d4cf1acbac5c025acf8ed68929caa551df3" "generate-lockfile" "--manifest-path" "Cargo.toml" "-Zno-index-update", kill_on_drop: false }`
[INFO] running `Command { std: "/workspace/cargo-home/bin/cargo" "+cfbc6d4cf1acbac5c025acf8ed68929caa551df3" "fetch" "--locked" "--manifest-path" "Cargo.toml", kill_on_drop: false }`
[INFO] [stderr]  Downloading crates ...
[INFO] [stderr]   Downloaded pistoncore-event_loop v0.52.0
[INFO] [stderr]   Downloaded pistoncore-window v0.47.0
[INFO] [stderr]   Downloaded pistoncore-glutin_window v0.66.0
[INFO] [stderr]   Downloaded piston-texture v0.2.3
[INFO] [stderr]   Downloaded piston-viewport v0.1.0
[INFO] [stderr]   Downloaded piston v0.52.0
[INFO] [stderr]   Downloaded piston-graphics_api_version v1.0.0
[INFO] [stderr]   Downloaded vecmath v0.1.1
[INFO] [stderr]   Downloaded cgmath v0.2.0
[INFO] [stderr]   Downloaded piston2d-graphics v0.4.1
[INFO] [stderr]   Downloaded shader_version v0.7.0
[INFO] [stderr]   Downloaded piston_window v0.111.0
[INFO] [stderr]   Downloaded piston-gfx_texture v0.41.0
[INFO] [stderr]   Downloaded piston2d-gfx_graphics v0.69.0
[INFO] [stderr]   Downloaded piston-float v0.1.0
[INFO] [stderr]   Downloaded draw_state v0.1.2
[INFO] [stderr]   Downloaded capnpc v0.3.1
[INFO] [stderr]   Downloaded capnp v0.3.2
[INFO] [stderr]   Downloaded pistoncore-input v1.0.0
[INFO] running `Command { std: "docker" "create" "-v" "/var/lib/crater-agent-workspace/builds/worker-9/target:/opt/rustwide/target:rw,Z" "-v" "/var/lib/crater-agent-workspace/builds/worker-9/source:/opt/rustwide/workdir:ro,Z" "-v" "/var/lib/crater-agent-workspace/cargo-home:/opt/rustwide/cargo-home:ro,Z" "-v" "/var/lib/crater-agent-workspace/rustup-home:/opt/rustwide/rustup-home:ro,Z" "-e" "SOURCE_DIR=/opt/rustwide/workdir" "-e" "CARGO_TARGET_DIR=/opt/rustwide/target" "-e" "CARGO_HOME=/opt/rustwide/cargo-home" "-e" "RUSTUP_HOME=/opt/rustwide/rustup-home" "-w" "/opt/rustwide/workdir" "-m" "1610612736" "--user" "0:0" "--network" "none" "rustops/crates-build-env@sha256:a636fd89d022f18117e1dc8fb37a0a009933cdbbe082814857f0e2024962d47c" "/opt/rustwide/cargo-home/bin/cargo" "+cfbc6d4cf1acbac5c025acf8ed68929caa551df3" "metadata" "--no-deps" "--format-version=1", kill_on_drop: false }`
[INFO] [stdout] e54567fde6f380d7b2e8670778602f51fc933eb0ae022fa26f051ac7e653af1c
[INFO] [stderr] WARNING: Your kernel does not support swap limit capabilities or the cgroup is not mounted. Memory limited without swap.
[INFO] running `Command { std: "docker" "start" "-a" "e54567fde6f380d7b2e8670778602f51fc933eb0ae022fa26f051ac7e653af1c", kill_on_drop: false }`
[INFO] running `Command { std: "docker" "inspect" "e54567fde6f380d7b2e8670778602f51fc933eb0ae022fa26f051ac7e653af1c", kill_on_drop: false }`
[INFO] running `Command { std: "docker" "rm" "-f" "e54567fde6f380d7b2e8670778602f51fc933eb0ae022fa26f051ac7e653af1c", kill_on_drop: false }`
[INFO] [stdout] e54567fde6f380d7b2e8670778602f51fc933eb0ae022fa26f051ac7e653af1c
[INFO] running `Command { std: "docker" "create" "-v" "/var/lib/crater-agent-workspace/builds/worker-9/target:/opt/rustwide/target:rw,Z" "-v" "/var/lib/crater-agent-workspace/builds/worker-9/source:/opt/rustwide/workdir:ro,Z" "-v" "/var/lib/crater-agent-workspace/cargo-home:/opt/rustwide/cargo-home:ro,Z" "-v" "/var/lib/crater-agent-workspace/rustup-home:/opt/rustwide/rustup-home:ro,Z" "-e" "SOURCE_DIR=/opt/rustwide/workdir" "-e" "CARGO_TARGET_DIR=/opt/rustwide/target" "-e" "CARGO_INCREMENTAL=0" "-e" "RUST_BACKTRACE=full" "-e" "RUSTFLAGS=--cap-lints=forbid" "-e" "CARGO_HOME=/opt/rustwide/cargo-home" "-e" "RUSTUP_HOME=/opt/rustwide/rustup-home" "-w" "/opt/rustwide/workdir" "-m" "1610612736" "--user" "0:0" "--network" "none" "rustops/crates-build-env@sha256:a636fd89d022f18117e1dc8fb37a0a009933cdbbe082814857f0e2024962d47c" "/opt/rustwide/cargo-home/bin/cargo" "+cfbc6d4cf1acbac5c025acf8ed68929caa551df3" "check" "--frozen" "--all" "--all-targets" "--message-format=json", kill_on_drop: false }`
[INFO] [stdout] 893a26988a0373872351bcf4e0064e79dfb90b9a831f8a3e41b7cd4b68998791
[INFO] [stderr] WARNING: Your kernel does not support swap limit capabilities or the cgroup is not mounted. Memory limited without swap.
[INFO] running `Command { std: "docker" "start" "-a" "893a26988a0373872351bcf4e0064e79dfb90b9a831f8a3e41b7cd4b68998791", kill_on_drop: false }`
[INFO] [stderr]    Compiling autocfg v1.0.1
[INFO] [stderr]    Compiling log v0.4.11
[INFO] [stderr]    Compiling proc-macro2 v1.0.19
[INFO] [stderr]    Compiling unicode-xid v0.2.1
[INFO] [stderr]    Compiling rayon-core v1.7.1
[INFO] [stderr]    Compiling serde_derive v1.0.115
[INFO] [stderr]     Checking adler32 v1.2.0
[INFO] [stderr]    Compiling pkg-config v0.3.18
[INFO] [stderr]     Checking downcast-rs v1.2.0
[INFO] [stderr]     Checking piston-graphics_api_version v1.0.0
[INFO] [stderr]     Checking either v1.6.0
[INFO] [stderr]    Compiling cc v1.0.59
[INFO] [stderr]    Compiling byteorder v0.3.13
[INFO] [stderr]     Checking bytemuck v1.3.1
[INFO] [stderr]     Checking piston-float v0.1.0
[INFO] [stderr]     Checking bitflags v0.2.1
[INFO] [stderr]     Checking read_color v0.1.0
[INFO] [stderr]     Checking piston-texture v0.2.3
[INFO] [stderr]     Checking interpolation v0.1.0
[INFO] [stderr]     Checking shader_version v0.7.0
[INFO] [stderr]     Checking miniz_oxide v0.3.7
[INFO] [stderr]     Checking draw_state v0.1.2
[INFO] [stderr]     Checking vecmath v0.1.1
[INFO] [stderr]     Checking piston-viewport v0.1.0
[INFO] [stderr]     Checking serde v1.0.115
[INFO] [stderr]    Compiling capnp v0.3.2
[INFO] [stderr]     Checking rand v0.4.6
[INFO] [stderr]     Checking memmap v0.7.0
[INFO] [stderr]     Checking shared_library v0.1.9
[INFO] [stderr]     Checking getrandom v0.1.14
[INFO] [stdout] error[E0277]: the size for values of type `Self` cannot be known at compilation time
[INFO] [stdout]    --> /opt/rustwide/cargo-home/registry/src/github.com-1ecc6299db9ec823/capnp-0.3.2/src/traits.rs:38:57
[INFO] [stdout]     |
[INFO] [stdout] 38  |     fn get_from_pointer(reader : &PointerReader<'a>) -> Result<Self>;
[INFO] [stdout]     |                                                         ^^^^^^^^^^^^ doesn't have a size known at compile-time
[INFO] [stdout]     |
[INFO] [stdout]     = help: the trait `std::marker::Sized` is not implemented for `Self`
[INFO] [stdout]     = note: to learn more, visit <https://doc.rust-lang.org/book/ch19-04-advanced-types.html#dynamically-sized-types-and-the-sized-trait>
[INFO] [stdout] help: consider further restricting `Self`
[INFO] [stdout]     |
[INFO] [stdout] 38  |     fn get_from_pointer(reader : &PointerReader<'a>) -> Result<Self> where Self: std::marker::Sized;
[INFO] [stdout]     |                                                                      ^^^^^^^^^^^^^^^^^^^^^^^^^^^^^^
[INFO] [stdout] 
[INFO] [stdout] 
[INFO] [stdout] error[E0277]: the size for values of type `Self` cannot be known at compilation time
[INFO] [stdout]    --> /opt/rustwide/cargo-home/registry/src/github.com-1ecc6299db9ec823/capnp-0.3.2/src/traits.rs:47:58
[INFO] [stdout]     |
[INFO] [stdout] 47  |     fn get_from_pointer(builder : PointerBuilder<'a>) -> Result<Self>;
[INFO] [stdout]     |                                                          ^^^^^^^^^^^^ doesn't have a size known at compile-time
[INFO] [stdout]     |
[INFO] [stdout]     = help: the trait `std::marker::Sized` is not implemented for `Self`
[INFO] [stdout]     = note: to learn more, visit <https://doc.rust-lang.org/book/ch19-04-advanced-types.html#dynamically-sized-types-and-the-sized-trait>
[INFO] [stdout] help: consider further restricting `Self`
[INFO] [stdout]     |
[INFO] [stdout] 47  |     fn get_from_pointer(builder : PointerBuilder<'a>) -> Result<Self> where Self: std::marker::Sized;
[INFO] [stdout]     |                                                                       ^^^^^^^^^^^^^^^^^^^^^^^^^^^^^^
[INFO] [stdout] 
[INFO] [stdout] 
[INFO] [stdout] error[E0277]: the size for values of type `Self` cannot be known at compilation time
[INFO] [stdout]    --> /opt/rustwide/cargo-home/registry/src/github.com-1ecc6299db9ec823/capnp-0.3.2/src/traits.rs:71:33
[INFO] [stdout]     |
[INFO] [stdout] 71  |     fn from_u16(value : u16) -> ::std::result::Result<Self, ::NotInSchema>;
[INFO] [stdout]     |                                 ^^^^^^^^^^^^^^^^^^^^^^^^^^^^^^^^^^^^^^^^^^ doesn't have a size known at compile-time
[INFO] [stdout]     |
[INFO] [stdout]     = help: the trait `std::marker::Sized` is not implemented for `Self`
[INFO] [stdout]     = note: to learn more, visit <https://doc.rust-lang.org/book/ch19-04-advanced-types.html#dynamically-sized-types-and-the-sized-trait>
[INFO] [stdout] help: consider further restricting `Self`
[INFO] [stdout]     |
[INFO] [stdout] 71  |     fn from_u16(value : u16) -> ::std::result::Result<Self, ::NotInSchema> where Self: std::marker::Sized;
[INFO] [stdout]     |                                                                            ^^^^^^^^^^^^^^^^^^^^^^^^^^^^^^
[INFO] [stdout] 
[INFO] [stdout] 
[INFO] [stderr]     Checking raw-window-handle v0.3.3
[INFO] [stderr]     Checking time v0.1.43
[INFO] [stdout] error: aborting due to 3 previous errors
[INFO] [stdout] 
[INFO] [stdout] 
[INFO] [stdout] For more information about this error, try `rustc --explain E0277`.
[INFO] [stdout] 
[INFO] [stderr] error: could not compile `capnp`.
[INFO] [stderr] 
[INFO] [stderr] To learn more, run the command again with --verbose.
[INFO] [stderr] warning: build failed, waiting for other jobs to finish...
[INFO] [stdout] error[E0277]: the size for values of type `Self` cannot be known at compilation time
[INFO] [stdout]    --> /opt/rustwide/cargo-home/registry/src/github.com-1ecc6299db9ec823/capnp-0.3.2/src/traits.rs:38:57
[INFO] [stdout]     |
[INFO] [stdout] 38  |     fn get_from_pointer(reader : &PointerReader<'a>) -> Result<Self>;
[INFO] [stdout]     |                                                         ^^^^^^^^^^^^ doesn't have a size known at compile-time
[INFO] [stdout]     |
[INFO] [stdout]     = help: the trait `std::marker::Sized` is not implemented for `Self`
[INFO] [stdout]     = note: to learn more, visit <https://doc.rust-lang.org/book/ch19-04-advanced-types.html#dynamically-sized-types-and-the-sized-trait>
[INFO] [stdout] help: consider further restricting `Self`
[INFO] [stdout]     |
[INFO] [stdout] 38  |     fn get_from_pointer(reader : &PointerReader<'a>) -> Result<Self> where Self: std::marker::Sized;
[INFO] [stdout]     |                                                                      ^^^^^^^^^^^^^^^^^^^^^^^^^^^^^^
[INFO] [stdout] 
[INFO] [stdout] 
[INFO] [stdout] error[E0277]: the size for values of type `Self` cannot be known at compilation time
[INFO] [stdout]    --> /opt/rustwide/cargo-home/registry/src/github.com-1ecc6299db9ec823/capnp-0.3.2/src/traits.rs:47:58
[INFO] [stdout]     |
[INFO] [stdout] 47  |     fn get_from_pointer(builder : PointerBuilder<'a>) -> Result<Self>;
[INFO] [stdout]     |                                                          ^^^^^^^^^^^^ doesn't have a size known at compile-time
[INFO] [stdout]     |
[INFO] [stdout]     = help: the trait `std::marker::Sized` is not implemented for `Self`
[INFO] [stdout]     = note: to learn more, visit <https://doc.rust-lang.org/book/ch19-04-advanced-types.html#dynamically-sized-types-and-the-sized-trait>
[INFO] [stdout] help: consider further restricting `Self`
[INFO] [stdout]     |
[INFO] [stdout] 47  |     fn get_from_pointer(builder : PointerBuilder<'a>) -> Result<Self> where Self: std::marker::Sized;
[INFO] [stdout]     |                                                                       ^^^^^^^^^^^^^^^^^^^^^^^^^^^^^^
[INFO] [stdout] 
[INFO] [stdout] 
[INFO] [stdout] error[E0277]: the size for values of type `Self` cannot be known at compilation time
[INFO] [stdout]    --> /opt/rustwide/cargo-home/registry/src/github.com-1ecc6299db9ec823/capnp-0.3.2/src/traits.rs:71:33
[INFO] [stdout]     |
[INFO] [stdout] 71  |     fn from_u16(value : u16) -> ::std::result::Result<Self, ::NotInSchema>;
[INFO] [stdout]     |                                 ^^^^^^^^^^^^^^^^^^^^^^^^^^^^^^^^^^^^^^^^^^ doesn't have a size known at compile-time
[INFO] [stdout]     |
[INFO] [stdout]     = help: the trait `std::marker::Sized` is not implemented for `Self`
[INFO] [stdout]     = note: to learn more, visit <https://doc.rust-lang.org/book/ch19-04-advanced-types.html#dynamically-sized-types-and-the-sized-trait>
[INFO] [stdout] help: consider further restricting `Self`
[INFO] [stdout]     |
[INFO] [stdout] 71  |     fn from_u16(value : u16) -> ::std::result::Result<Self, ::NotInSchema> where Self: std::marker::Sized;
[INFO] [stdout]     |                                                                            ^^^^^^^^^^^^^^^^^^^^^^^^^^^^^^
[INFO] [stdout] 
[INFO] [stdout] 
[INFO] [stdout] error: aborting due to 3 previous errors
[INFO] [stdout] 
[INFO] [stdout] 
[INFO] [stdout] For more information about this error, try `rustc --explain E0277`.
[INFO] [stdout] 
[INFO] [stderr] error: build failed
[INFO] running `Command { std: "docker" "inspect" "893a26988a0373872351bcf4e0064e79dfb90b9a831f8a3e41b7cd4b68998791", kill_on_drop: false }`
[INFO] running `Command { std: "docker" "rm" "-f" "893a26988a0373872351bcf4e0064e79dfb90b9a831f8a3e41b7cd4b68998791", kill_on_drop: false }`
[INFO] [stdout] 893a26988a0373872351bcf4e0064e79dfb90b9a831f8a3e41b7cd4b68998791
